Let h(v) = -17*v + 1. Calculate h(-2).
35
Let w(z) = -3*z**2 - 3*z - 2. Give w(2).
-20
Let h(v) = 12*v**2 - 33*v - 5. Calculate h(3).
4
Let t(x) = 2*x + 61. What is t(-25)?
11
Let o(c) = c**3 + 9*c**2 + c - 9. What is o(-9)?
-18
Let k(h) = -3*h - 3. What is k(1)?
-6
Let h(p) = 2*p**2 - 12*p - 30. What is h(10)?
50
Let m(z) = z**3 + 2*z**2 + 3*z - 8. Give m(-4).
-52
Let m(t) = -t**3 + 14*t**2 + 16*t - 14. Calculate m(15).
1
Let h(z) = z**3 + 14*z**2 + 9*z + 21. Give h(-13).
73
Let v(t) = -t**2 - 2*t - 4. What is v(3)?
-19
Let d(a) = -4*a + 5. Calculate d(10).
-35
Let y(r) = 9*r + 3. What is y(3)?
30
Let d(v) = 2*v**2 - 8*v + 5. Determine d(6).
29
Let v(o) = o**3 - 7*o**2 - 6*o + 9. Give v(7).
-33
Let f(l) = -9*l + 34. Give f(4).
-2
Let y(f) = -f**3 - 43*f**2 - 157*f - 41. Give y(-39).
-2
Let a(c) = -c**3 - 14*c**2 + 17*c - 5. Calculate a(-15).
-35
Let p(v) = -2*v - 18. Give p(-9).
0
Let a(u) = 4*u**3 + u**2 - 5*u - 6. Calculate a(-2).
-24
Let l(d) = d**3 - 12*d**2 + 31*d + 2. Determine l(8).
-6
Let u(p) = p**2 + 29*p + 45. What is u(-27)?
-9
Let c(y) = y - 18. Give c(4).
-14
Let d(s) = s + 32. Determine d(7).
39
Let j(y) = -y**3 - 7*y**2 + 3. Give j(-7).
3
Let u(v) = 3*v**2 + 23*v + 11. What is u(-7)?
-3
Let s(u) = -u**3 + 6*u**2 + 2*u - 9. What is s(5)?
26
Let o(l) = -l**2 + 18*l - 30. Calculate o(16).
2
Let v(u) = u**2 - 17*u + 4. Determine v(7).
-66
Let v(t) = -t**3 - 18*t**2 - 16*t + 11. Calculate v(-17).
-6
Let l(k) = 4*k + 10. Calculate l(-7).
-18
Let z(q) = 4*q - 6. Determine z(-6).
-30
Let j(q) = 3*q + 5. Calculate j(-8).
-19
Let v(u) = u**3 - 6*u**2 + 7*u - 2. Determine v(5).
8
Let w(g) = -3*g**2 - g + 4. What is w(3)?
-26
Let p(u) = -u**3 - 5*u**2 + 1. What is p(-4)?
-15
Let t(y) = -2*y**3 + 45*y**2 + 23*y - 57. What is t(23)?
-57
Let t(a) = 2*a**2 + 4*a. What is t(3)?
30
Let w(n) = -n**3 + 9*n**2 - 20*n + 13. What is w(6)?
1
Let a(n) = 3*n + 5. Determine a(0).
5
Let t(d) = 4*d + 5. Give t(-4).
-11
Let x(z) = -z**3 - 7*z**2 + 33*z + 32. Calculate x(-10).
2
Let a(u) = 3*u - 5. What is a(3)?
4
Let j(v) = -3*v**2 - 8*v - 8. What is j(-2)?
-4
Let p(n) = -n**2 + 14*n + 4. Calculate p(12).
28
Let f(k) = 2*k**2 - 7*k - 67. Give f(8).
5
Let q(r) = -r**3 + 5*r**2 - r - 3. Determine q(5).
-8
Let z(q) = q**2 + 20*q + 4. Give z(-20).
4
Let k(b) = -b**3 - 5*b**2 + 24*b - 13. Give k(-8).
-13
Let n(a) = -63*a - 456. Determine n(-7).
-15
Let r(x) = x**2 - 31*x + 52. Calculate r(16).
-188
Let i(f) = 3*f - 27. Determine i(5).
-12
Let f(c) = -182*c + 3. What is f(1)?
-179
Let j(b) = -b**2 - 33*b - 27. What is j(-31)?
35
Let o(h) = 14*h - 71. Calculate o(6).
13
Let o(r) = 2*r**3 + 2*r**2 - 3*r + 1. What is o(1)?
2
Let t(a) = -11*a + 22. What is t(1)?
11
Let n(f) = -f**3 - 12*f**2 + 18*f + 211. Calculate n(-12).
-5
Let z(x) = x**3 + 7*x**2 + 8*x - 5. Calculate z(-5).
5
Let t(q) = -3*q + 49. Calculate t(13).
10
Let l(o) = o**3 + 28*o**2 - 2*o - 56. What is l(-28)?
0
Let i(a) = -a**3 - 5*a**2 - 11. What is i(-5)?
-11
Let c(k) = 2*k**3 + 31*k**2 - 15*k + 13. Calculate c(-16).
-3
Let g(l) = l**2 + 15*l + 9. What is g(-14)?
-5
Let g(i) = -i**2 - 12*i - 9. Calculate g(-12).
-9
Let a(s) = -s + 38. Calculate a(32).
6
Let d(k) = -k**3 + 6*k**2 - 9*k + 11. Determine d(5).
-9
Let u(k) = 9*k**2 - 8*k - 23. What is u(-3)?
82
Let p(l) = -6*l + 6. What is p(4)?
-18
Let b(r) = r**2 - 5*r + 4. Determine b(6).
10
Let m(i) = -i**2 + i - 11. What is m(4)?
-23
Let k(s) = -s**2 - 11*s + 46. Calculate k(-14).
4
Let c(u) = u**3 + 26*u**2 + 42*u - 136. What is c(-24)?
8
Let o(j) = -j**3 + 6*j**2 + 14*j + 10. Give o(8).
-6
Let g(d) = d**3 + 12*d**2 + 18*d - 28. Give g(-10).
-8
Let x(u) = -u**3 + 6*u + 6. What is x(0)?
6
Let b(f) = f**3 - 18*f**2 + 32*f + 17. Determine b(16).
17
Let w(x) = x**3 + 11*x**2 - 13*x - 26. What is w(-12)?
-14
Let b(d) = -8*d + 44. Calculate b(4).
12
Let s(p) = p**2 - 3*p + 4. What is s(0)?
4
Let k(l) = -3*l - 5. Give k(10).
-35
Let w(y) = y**3 + 45*y**2 + 84*y - 83. Give w(-43).
3
Let g(i) = -7*i**3 + i**2 - i - 2. Calculate g(-1).
7
Let o(n) = -n + 53. Calculate o(8).
45
Let s(l) = l**2 - l - 4. Calculate s(-5).
26
Let h(b) = -7*b + 50. What is h(7)?
1
Let c(a) = -a**3 - 17*a**2 + 39*a + 14. What is c(-19)?
-5
Let l(n) = -n**3 + 14*n**2 - 31*n - 20. What is l(11)?
2
Let r(z) = 24*z**2 - 4*z + 2. Give r(1).
22
Let o(p) = 2*p - 18. Determine o(10).
2
Let o(t) = 13*t - 68. Give o(6).
10
Let l(v) = v - 6. What is l(5)?
-1
Let h(f) = -f - 14. Determine h(-6).
-8
Let l(d) = d**3 + 7*d**2 + 4*d - 7. Give l(-6).
5
Let b(u) = -2*u**2 + 45*u - 60. Give b(21).
3
Let z(i) = 21*i + 121. Determine z(-6).
-5
Let i(d) = 3*d + 3. Give i(-1).
0
Let p(k) = k**2 - 8*k + 13. Calculate p(7).
6
Let x(f) = f**3 + 2*f**2 + 4*f - 7. Give x(0).
-7
Let v(o) = o + 3. What is v(-5)?
-2
Let u(t) = t**2 - 9*t + 4. What is u(4)?
-16
Let x(n) = n**3 - 3*n**2 - 3*n - 3. Determine x(4).
1
Let h(r) = -r**2 + 6*r + 26. Calculate h(9).
-1
Let c(u) = -16*u + 104. Calculate c(6).
8
Let i(j) = 2*j**2 + 19*j + 30. Give i(-8).
6
Let d(p) = -p**2 + 2*p. What is d(1)?
1
Let b(q) = 4*q - 92. What is b(23)?
0
Let g(d) = 2*d + 30. Calculate g(-14).
2
Let p(k) = 10*k**3 + k**2 - 2*k - 2. What is p(-1)?
-9
Let o(c) = c**2 - 3*c + 6. Calculate o(4).
10
Let b(p) = -p**2 + 24*p + 54. Calculate b(26).
2
Let c(p) = -4*p**3 - 3*p**2 - p - 4. Give c(3).
-142
Let i(c) = -8*c - 27. Give i(-13).
77
Let u(p) = 7*p + 6. Calculate u(-1).
-1
Let v(g) = g**2 - g + 31. What is v(0)?
31
Let z(h) = h**2 + 7*h - 30. Determine z(-8).
-22
Let g(r) = r**3 - 10*r**2 + 9*r - 13. What is g(9)?
-13
Let a(i) = 19*i - 150. What is a(8)?
2
Let d(j) = -4*j**2 - 5*j + 7. Give d(2).
-19
Let j(l) = l - 11. Give j(8).
-3
Let c(p) = -p**2 - 7*p + 6. Calculate c(-4).
18
Let p(r) = 7*r - 39. Give p(8).
17
Let z(y) = -y**2 + 10*y - 18. What is z(9)?
-9
Let j(i) = -i - 9. What is j(-12)?
3
Let t(u) = -u**3 + 2*u**2 - 3*u + 3. Determine t(3).
-15
Let s(u) = -u**3 + 15*u**2 - 5*u - 133. What is s(14)?
-7
Let r(f) = f**2 - 7*f + 23. What is r(-8)?
143
Let l(j) = 14*j + 207. What is l(-15)?
-3
Let x(i) = i**2 + 2*i + 1. Determine x(0).
1
Let o(f) = 2*f + 1. What is o(7)?
15
Let k(d) = -7*d + 60. What is k(8)?
4
Let b(z) = -3*z**3 + 35*z**2 + 12*z - 6. Give b(12).
-6
Let z(h) = -h**3 - 7*h**2 - 21*h - 73. What is z(-6)?
17
Let k(h) = h**2 - 21*h + 33. Give k(16).
-47
Let g(x) = 2*x + 5. Determine g(3).
11
Let h(y) = y**2 - 6*y - 44. Calculate h(10).
-4
Let r(c) = -8*c + 73. Determine r(13).
-31
Let v(w) = -w**2 + 6*w + 7. Calculate v(5).
12
Let g(v) = 29*v**3 + 2*v**2 - 2*v - 1. Give g(1).
28
Let o(x) = -43*x**3 + x**2 - x. What is o(1)?
-43
Let v(b) = b**2 - 10*b + 20. Determine v(7).
-1
Let a(w) = 2*w - 6. Determine a(10).
14
Let w(q) = -q**2 - 25*q - 60. What is w(-23)?
-14
Let l(u) = u**3 - 4*u**2 - 3*u - 12. Give l(5).
-2
Let d(x) = x**3 - x**2 + 4*x - 1. Calculate d(2).
11
Let t(k) = 8*k - 12. What is t(2)?
4
Let g(v) = 17*v - 97. Calculate g(6).
5
Let n(a) = a**3 + 9*a**2 - 9*a + 13. Calculate n(-10).
3
Let o(a) = 37*a + 31. Give o(-1).
-6
Let k(l) = 39*l - 1. Determine k(1).
38
Let f(x) = x**2 - 4*x - 3. Determine f(8).
29
Let v(n) = n**3 + 4*n**2 - 3*n - 15. Determine v(-4).
-3
Let m(v) = 29*v**2 + 2*v + 2. Calculate m(-1).
29
Let g(u) = u**2 - 3*u + 15. Give g(7).
43
Let r(g) = 2*g**3 - 3*g**2 - 3*g + 4. What is r(2)?
2
Let t(a) = a**3 - 18*a**2 + 21*a + 10. Determine t(17).
78
Let w(j) = j - 13. Calculate w(6).
-7
Let q(j) = j**2 - 17*j + 18. Calculate q(10).
-52
Let f(p) = p**3 + 7*p**2 + 7*p + 3. What is f(-6)?
-3
Let w(c) = 2*c**2 - 20*c + 22. What is w(9)?
4
Let i(p) = -p**2 - 21*p + 25. What is i(-16)?
105
Let r(x) = -20*x**3 + 2*x**2 + x. Give r(-1).
21
Let j(g) = -g**3 + 12*g**2 + 29*g - 12. Calculate j(14).
2
Let a(s) = -s**2 + 8*s - 8. Determine a(7).
-1
Let v(w) = w**3 + 8*w**2 + 3*w. What is v(-8)?
-24
Let y(k) = 2*k - 57. Calculate y(0).
-57
Let x(i) = -8*i - 7. What is x(-3)?
17
Let k(l) = -5*l - 4. What is k(-6)?
26
Let z(l) = l**3 + 18*l**2 - 21*l - 43. Determine z(-19).
-5
Let c(w) = -w**3 + 3*w**2 + w - 1. Determine c(4).
-13
Let c(d) = -d**2 + d + 8. Determine c(7).
-34
Let y(j) = -j**3 + 15*j**2 - j + 24. Determine y(15).
9
Let h(x) = 7*x + 87. Give h(-12).
3
Let g(h) = -h**3 - 6*h**2 - h - 14. Calculate g(-7).
